
8
What is the highest common divisor of 38622 and 1413?
471
Calculate the highest common factor of 120 and 14610.
30
What is the highest common factor of 63 and 39081?
21
Calculate the greatest common factor of 56 and 18732.
28
Calculate the highest common factor of 27897 and 663.
51
Calculate the greatest common factor of 51964 and 44.
44
What is the highest common divisor of 3594 and 1346552?
1198
What is the highest common divisor of 4818 and 3139?
73
Calculate the greatest common factor of 10406 and 10750.
86
What is the highest common divisor of 1590312 and 6432?
1608
Calculate the highest common divisor of 720 and 1543536.
144
What is the highest common factor of 175 and 90300?
175
What is the greatest common factor of 12 and 7960?
4
What is the greatest common divisor of 5710 and 230?
10
Calculate the highest common factor of 65 and 41665.
65
Calculate the greatest common factor of 1426 and 7657.
31
What is the highest common divisor of 1224 and 950436?
612
What is the greatest common factor of 179 and 17293548?
179
What is the greatest common factor of 28861 and 1085?
217
Calculate the greatest common divisor of 4747 and 808.
101
What is the highest common factor of 12 and 140124?
12
Calculate the greatest common factor of 130869 and 786.
393
Calculate the highest common divisor of 5700 and 684.
228
What is the greatest common factor of 2938 and 8658?
26
Calculate the greatest common factor of 22 and 19723.
11
What is the greatest common factor of 8325 and 1686645?
1665
Calculate the highest common divisor of 16341 and 6.
3
Calculate the highest common divisor of 1048 and 3208.
8
Calculate the greatest common factor of 17 and 15062.
17
What is the highest common divisor of 4476 and 3156?
12
What is the highest common divisor of 40526 and 92?
46
What is the highest common factor of 24386 and 123176?
178
Calculate the highest common factor of 3619030 and 10.
10
Calculate the greatest common factor of 4060 and 191632.
812
Calculate the highest common factor of 24474 and 36.
6
Calculate the greatest common divisor of 64 and 4509680.
16
What is the highest common divisor of 740 and 4889180?
740
Calculate the highest common divisor of 223124 and 7744.
484
Calculate the greatest common factor of 3960 and 2835.
45
What is the greatest common factor of 1078 and 49434?
154
Calculate the greatest common factor of 213724 and 252.
28
What is the highest common factor of 25 and 294925?
25
Calculate the greatest common divisor of 1988 and 7526.
142
Calculate the highest common divisor of 459 and 1173663.
459
Calculate the greatest common divisor of 9590 and 98.
14
What is the greatest common divisor of 30821 and 2072?
259
What is the greatest common factor of 1469965 and 105?
35
What is the highest common factor of 2336 and 36354?
146
Calculate the greatest common divisor of 880 and 48.
16
What is the highest common factor of 1223451 and 401?
401
Calculate the highest common factor of 301 and 12857.
43
Calculate the greatest common divisor of 91351 and 91.
13
What is the greatest common factor of 10 and 107892?
2
What is the greatest common divisor of 8883 and 1281?
21
What is the greatest common factor of 15300 and 7820?
340
What is the highest common divisor of 294368 and 2032?
16
Calculate the greatest common divisor of 14041038 and 57.
57
What is the highest common factor of 118663 and 535?
107
Calculate the highest common divisor of 225901 and 26.
13
What is the greatest common factor of 2337642 and 3294?
1098
What is the greatest common divisor of 364 and 5613062?
182
Calculate the highest common divisor of 250 and 271720.
10
Calculate the greatest common divisor of 46768 and 1480.
296
Calculate the highest common divisor of 234 and 11531.
13
What is the highest common factor of 6860 and 1120?
140
Calculate the highest common factor of 1855 and 45421.
53
Calculate the highest common divisor of 23636 and 532.
76
What is the greatest common divisor of 380 and 285570?
190
What is the highest common divisor of 14849 and 128851?
479
What is the greatest common factor of 24728 and 75308?
1124
Calculate the highest common factor of 61264 and 560.
112
Calculate the highest common divisor of 476 and 21556.
68
Calculate the highest common divisor of 645 and 46053.
129
Calculate the highest common divisor of 3781 and 95.
19
Calculate the greatest common factor of 66816 and 261.
261
What is the highest common divisor of 1279 and 19644161?
1279
Calculate the greatest common divisor of 8302 and 154.
14
What is the highest common factor of 4 and 67698?
2
What is the highest common factor of 12315 and 615?
15
Calculate the greatest common factor of 1078946 and 11.
11
Calculate the highest common factor of 44822 and 81322.
146
Calculate the greatest common factor of 117 and 471159.
117
What is the greatest common factor of 154336 and 2597?
371
What is the highest common divisor of 127 and 835025?
127
What is the greatest common factor of 280 and 190925?
35
What is the highest common divisor of 1064 and 16644?
76
What is the greatest common divisor of 19740 and 3640?
140
Calculate the highest common factor of 2839 and 470773.
167
What is the highest common divisor of 4943597 and 23?
23
Calculate the highest common divisor of 2638671 and 105.
21
What is the greatest common divisor of 1815 and 40095?
165
What is the highest common factor of 7749676 and 44?
44
What is the highest common factor of 283926 and 6162?
474
What is the greatest common divisor of 31 and 181?
1
Calculate the greatest common factor of 20701 and 1016.
127
What is the greatest common factor of 12178 and 8?
2
Calculate the highest common divisor of 683964 and 48.
12
Calculate the highest common factor of 846929 and 33621.
1601
Calculate the greatest common divisor of 1607200 and 7700.
700
Calculate the greatest common divisor of 49 and 507003.
49
Calculate the highest common factor of 241085 and 520.
65
Calculate the greatest common factor of 57968 and 128.
16
Calculate the greatest common factor of 39307 and 23.
23
Calculate the greatest common factor of 81 and 3861.
27
Calculate the highest common factor of 1978 and 34753.
23
What is the greatest common factor of 25481 and 8903?
307
Calculate the highest common factor of 38505 and 595.
85
What is the greatest common divisor of 63195 and 66?
33
What is the greatest common factor of 27 and 151236?
9
What is the greatest common divisor of 3528 and 8656?
8
What is the highest common factor of 25 and 817975?
25
What is the highest common factor of 10959 and 507?
39
What is the greatest common factor of 6559 and 151794?
937
What is the highest common factor of 62176 and 34572?
268
Calculate the greatest common factor of 432 and 24516.
108
What is the highest common divisor of 527 and 409003?
17
Calculate the highest common factor of 880 and 1420.
20
Calculate the greatest common divisor of 7710 and 4890.
30
What is the highest common factor of 460 and 32292?
92
What is the highest common divisor of 1920100 and 65?
65
Calculate the greatest common factor of 7689 and 198.
33
What is the highest common divisor of 59458 and 1054?
62
Calculate the highest common factor of 10703 and 259.
7
What is the highest common factor of 982 and 6?
2
What is the highest common divisor of 221270 and 1199?
109
Calculate the greatest common factor of 2900 and 36250.
1450
What is the highest common divisor of 1670 and 3060?
10
Calculate the highest common factor of 954 and 20637.
9
What is the highest common factor of 16760 and 6280?
40
What is the greatest common factor of 429434 and 246?
82
Calculate the highest common divisor of 864 and 383616.
864
What is the highest common factor of 507000 and 5250?
750
Calculate the highest common divisor of 60868 and 68.
4
Calculate the highest common divisor of 1673026 and 114.
38
What is the highest common divisor of 2 and 936401?
1
What is the greatest common divisor of 235450 and 102?
34
What is the highest common divisor of 9922 and 40777?
121
What is the greatest common divisor of 9 and 298656?
9
Calculate the greatest common divisor of 1125 and 9375.
375
Calculate the greatest common factor of 29718 and 468.
234
What is the greatest common divisor of 2520 and 6696?
72
What is the greatest common divisor of 96 and 184